e factors of 3405.
3, 5, 227
What are the prime factors of 27475?
5, 7, 157
List the prime factors of 6215.
5, 11, 113
What are the prime factors of 19064?
2, 2383
List the prime factors of 800.
2, 5
List the prime factors of 303.
3, 101
What are the prime factors of 5173?
7, 739
List the prime factors of 2273.
2273
What are the prime factors of 76008?
2, 3, 3167
What are the prime factors of 2964?
2, 3, 13, 19
List the prime factors of 3429.
3, 127
What are the prime factors of 1489?
1489
What are the prime factors of 2732?
2, 683
What are the prime factors of 778?
2, 389
List the prime factors of 377.
13, 29
List the prime factors of 12625.
5, 101
List the prime factors of 548.
2, 137
List the prime factors of 960.
2, 3, 5
List the prime factors of 32106.
2, 3, 5351
List the prime factors of 534.
2, 3, 89
What are the prime factors of 7922?
2, 17, 233
List the prime factors of 5800.
2, 5, 29
List the prime factors of 1751.
17, 103
What are the prime factors of 12394?
2, 6197
What are the prime factors of 6704?
2, 419
What are the prime factors of 8202?
2, 3, 1367
What are the prime factors of 43000?
2, 5, 43
What are the prime factors of 352?
2, 11
List the prime factors of 3346.
2, 7, 239
List the prime factors of 31551.
3, 13, 809
What are the prime factors of 10155?
3, 5, 677
What are the prime factors of 18541?
18541
List the prime factors of 5905.
5, 1181
List the prime factors of 2201.
31, 71
List the prime factors of 27744.
2, 3, 17
What are the prime factors of 2390?
2, 5, 239
List the prime factors of 4112.
2, 257
What are the prime factors of 12556?
2, 43, 73
List the prime factors of 149940.
2, 3, 5, 7, 17
What are the prime factors of 3099?
3, 1033
What are the prime factors of 12283?
71, 173
What are the prime factors of 53399?
67, 797
What are the prime factors of 47919?
3, 15973
List the prime factors of 1473.
3, 491
What are the prime factors of 21071?
19, 1109
What are the prime factors of 21737?
21737
List the prime factors of 901.
17, 53
What are the prime factors of 1702?
2, 23, 37
What are the prime factors of 1496?
2, 11, 17
What are the prime factors of 7358?
2, 13, 283
What are the prime factors of 819?
3, 7, 13
List the prime factors of 42053.
11, 3823
List the prime factors of 19266.
2, 3, 13, 19
List the prime factors of 2136.
2, 3, 89
List the prime factors of 663.
3, 13, 17
What are the prime factors of 6508?
2, 1627
What are the prime factors of 3008?
2, 47
List the prime factors of 22754.
2, 31, 367
List the prime factors of 10085.
5, 2017
List the prime factors of 59846.
2, 23, 1301
What are the prime factors of 571?
571
What are the prime factors of 7334?
2, 19, 193
What are the prime factors of 2638?
2, 1319
List the prime factors of 89571.
3, 73, 409
What are the prime factors of 441?
3, 7
What are the prime factors of 14601?
3, 31, 157
What are the prime factors of 7270?
2, 5, 727
What are the prime factors of 2876?
2, 719
List the prime factors of 1033.
1033
List the prime factors of 1997.
1997
List the prime factors of 3010.
2, 5, 7, 43
List the prime factors of 1064.
2, 7, 19
List the prime factors of 30593.
30593
What are the prime factors of 1942?
2, 971
What are the prime factors of 28259?
7, 11, 367
List the prime factors of 24688.
2, 1543
What are the prime factors of 39001?
43, 907
List the prime factors of 9536.
2, 149
What are the prime factors of 117925?
5, 53, 89
What are the prime factors of 15190?
2, 5, 7, 31
List the prime factors of 27624.
2, 3, 1151
What are the prime factors of 55075?
5, 2203
What are the prime factors of 343?
7
List the prime factors of 1515.
3, 5, 101
What are the prime factors of 22516?
2, 13, 433
What are the prime factors of 495?
3, 5, 11
What are the prime factors of 385?
5, 7, 11
What are the prime factors of 158?
2, 79
List the prime factors of 20301.
3, 67, 101
What are the prime factors of 1591?
37, 43
What are the prime factors of 43877?
17, 29, 89
What are the prime factors of 4282?
2, 2141
What are the prime factors of 8262?
2, 3, 17
What are the prime factors of 65415?
3, 5, 7, 89
List the prime factors of 11590.
2, 5, 19, 61
List the prime factors of 40419.
3, 499
List the prime factors of 11641.
7, 1663
What are the prime factors of 1290?
2, 3, 5, 43
What are the prime factors of 1080?
2, 3, 5
What are the prime factors of 104542?
2, 167, 313
List the prime factors of 2015.
5, 13, 31
List the prime factors of 2013.
3, 11, 61
List the prime factors of 11033.
11, 17, 59
List the prime factors of 189451.
23, 8237
What are the prime factors of 4024?
2, 503
List the prime factors of 19681.
19681
List the prime factors of 8613.
3, 11, 29
List the prime factors of 84.
2, 3, 7
List the prime factors of 68481.
3, 7, 1087
List the prime factors of 671.
11, 61
What are the prime factors of 104926?
2, 23, 2281
List the prime factors of 302.
2, 151
List the prime factors of 528.
2, 3, 11
List the prime factors of 592.
2, 37
What are the prime factors of 1067?
11, 97
What are the prime factors of 978?
2, 3, 163
List the prime factors of 6259.
11, 569
List the prime factors of 663.
3, 13, 17
List the prime factors of 790.
2, 5, 79
List the prime factors of 4555.
5, 911
List the prime factors of 160018.
2, 19, 4211
List the prime factors of 34564.
2, 8641
What are the prime factors of 8301?
3, 2767
List the prime factors of 4047.
3, 19, 71
List the prime factors of 14451.
3, 4817
List the prime factors of 607.
607
What are the prime factors of 3?
3
What are the prime factors of 3329?
3329
List the prime factors of 1045.
5, 11, 19
List the prime factors of 41.
41
List the prime factors of 11668.
2, 2917
List the prime factors of 832.
2, 13
What are the prime factors of 6453?
3, 239
List the prime factors of 2240.
2, 5, 7
What are the prime factors of 5251?
59, 89
What are the prime factors of 18044?
2, 13, 347
List the prime factors of 7778.
2, 3889
What are the prime factors of 9950?
2, 5, 199
What are the prime factors of 1184?
2, 37
What are the prime factors of 4633?
41, 113
What are the prime factors of 48614?
2, 109, 223
List the prime factors of 21742.
2, 7, 1553
List the prime factors of 455.
5, 7, 13
List the prime factors of 806.
2, 13, 31
List the prime factors of 1333.
31, 43
What are the prime factors of 122792?
2, 15349
List the prime factors of 6087.
3, 2029
List the prime factors of 693.
3, 7, 11
List the prime factors of 2097.
3, 233
List the prime factors of 4240.
2, 5, 53
What are the prime factors of 331?
331
What are the prime factors of 161?
7, 23
List the prime factors of 50682.
2, 3, 8447
List the prime factors of 5657.
5657
List the prime factors of 8415.
3, 5, 11, 17
List the prime factors of 2250.
2, 3, 5
List the prime factors of 22391.
22391
List the prime factors of 9741.
3, 17, 191
What are the prime factors of 13211?
11, 1201
List the prime factors of 720.
2, 3, 5
What are the prime factors of 65891?
7, 9413
What are the prime factors of 1152?
2, 3
List the prime factors of 4003.
4003
What are the prime factors of 2794?
2, 11, 127
List the prime factors of 1155.
3, 5, 7, 11
List the prime factors of 16448.
2, 257
What are the prime factors of 6835?
5, 1367
List the prime factors of 94492.
2, 23623
What are the prime factors of 1940?
2, 5, 97
What are the prime factors of 18446?
2, 23, 401
List the prime factors of 1873.
1873
What are the prime factors of 15583?
15583
What are the prime factors of 21326?
2, 10663
List the prime factors of 131.
131
List the prime factors of 961.
31
List the prime factors of 7122.
2, 3, 1187
What are the prime factors of 27551?
27551
List the prime factors of 35264.
2, 19, 29
What are the prime factors of 15810?
2, 3, 5, 17, 31
What are the prime factors of 40858?
2, 31, 659
List the prime factors of 32599.
7, 4657
What are the prime factors of 46112?
2, 11, 131
List the prime factors of 6192.
2, 3, 43
List the prime factors of 43140.
2, 3, 5, 719
List the prime factors of 1090.
2, 5, 109
List the prime factors of 652.
2, 163
List the prime factors of 5805.
3, 5, 43
List the prime factors of 42147.
3, 7, 223
What are the prime factors of 34463?
11, 13, 241
List the prime factors of 7463.
17, 439
What are the prime factors of 94986?
2, 3, 1759
What are the prime factors of 1851?
3, 617
What are the prime f